{"id":5998,"date":"2024-03-14T05:59:45","date_gmt":"2024-03-14T05:59:45","guid":{"rendered":"https:\/\/solarnet.lv\/?post_type=product&#038;p=5998"},"modified":"2024-03-14T06:00:17","modified_gmt":"2024-03-14T06:00:17","slug":"skruve-m10-200mm-k-17-200","status":"publish","type":"product","link":"https:\/\/solarnet.lv\/?product=skruve-m10-200mm-k-17-200","title":{"rendered":"Skr\u016bve M10 200mm K-17-200"},"content":{"rendered":"<pre id=\"tw-target-text\" class=\"tw-data-text tw-text-large tw-ta\" dir=\"ltr\" data-placeholder=\"Tulkojums\" data-ved=\"2ahUKEwi89eqIifOEAxUcRvEDHXpfD-kQ3ewLegQIDRAU\"><span class=\"Y2IQFc\" lang=\"lv\">Strukt\u016bra tiek samont\u0113ta ieskr\u016bv\u0113jot dubultv\u012btnes skr\u016bvi K-17 koka sp\u0101r\u0113s. \u0160is elements ir pieejams\r\ntr\u012bs garumos. Profili tiek uzst\u0101d\u012bti izmantojot adapteri (K-03), kas nodro\u0161ina savietojam\u012bbu ar \r\nvisiem pied\u0101v\u0101jum\u0101 pieejamajiem profiliem.\r\n<\/span><\/pre>\n","protected":false},"excerpt":{"rendered":"<p>Strukt\u016bra tiek samont\u0113ta ieskr\u016bv\u0113jot dubultv\u012btnes skr\u016bvi K-17 koka sp\u0101r\u0113s. \u0160is elements ir pieejams tr\u012bs garumos. Profili tiek uzst\u0101d\u012bti izmantojot adapteri (K-03), kas nodro\u0161ina savietojam\u012bbu ar visiem pied\u0101v\u0101jum\u0101 pieejamajiem profiliem.<\/p>\n","protected":false},"featured_media":6000,"comment_status":"open","ping_status":"closed","template":"","meta":{"site-sidebar-layout":"default","site-content-layout":"default","ast-global-header-display":"","ast-main-header-display":"","ast-hfb-above-header-display":"","ast-hfb-below-header-display":"","ast-hfb-mobile-header-display":"","site-post-title":"","ast-breadcrumbs-content":"","ast-featured-img":"","footer-sml-layout":"","theme-transparent-header-meta":"default","adv-header-id-meta":"","stick-header-meta":"","header-above-stick-meta":"","header-main-stick-meta":"","header-below-stick-meta":""},"product_cat":[15,40],"product_tag":[],"jetpack_sharing_enabled":true,"_links":{"self":[{"href":"https:\/\/solarnet.lv\/index.php?rest_route=\/wp\/v2\/product\/5998"}],"collection":[{"href":"https:\/\/solarnet.lv\/index.php?rest_route=\/wp\/v2\/product"}],"about":[{"href":"https:\/\/solarnet.lv\/index.php?rest_route=\/wp\/v2\/types\/product"}],"replies":[{"embeddable":true,"href":"https:\/\/solarnet.lv\/index.php?rest_route=%2Fwp%2Fv2%2Fcomments&post=5998"}],"wp:featuredmedia":[{"embeddable":true,"href":"https:\/\/solarnet.lv\/index.php?rest_route=\/wp\/v2\/media\/6000"}],"wp:attachment":[{"href":"https:\/\/solarnet.lv\/index.php?rest_route=%2Fwp%2Fv2%2Fmedia&parent=5998"}],"wp:term":[{"taxonomy":"product_cat","embeddable":true,"href":"https:\/\/solarnet.lv\/index.php?rest_route=%2Fwp%2Fv2%2Fproduct_cat&post=5998"},{"taxonomy":"product_tag","embeddable":true,"href":"https:\/\/solarnet.lv\/index.php?rest_route=%2Fwp%2Fv2%2Fproduct_tag&post=5998"}],"curies":[{"name":"wp","href":"https:\/\/api.w.org\/{rel}","templated":true}]}}