{"id":5883,"date":"2023-11-23T17:01:50","date_gmt":"2023-11-23T17:01:50","guid":{"rendered":"https:\/\/solarnet.lv\/?post_type=product&#038;p=5883"},"modified":"2023-11-23T19:00:11","modified_gmt":"2023-11-23T19:00:11","slug":"huawei-hybrid-high-current-inverter-sun2000-6ktl-m1","status":"publish","type":"product","link":"https:\/\/solarnet.lv\/?product=huawei-hybrid-high-current-inverter-sun2000-6ktl-m1","title":{"rendered":"Huawei Hybrid High Current Inverter SUN2000-6KTL-M1"},"content":{"rendered":"<p>Tehnisk\u0101s deta\u013cas<br \/>\nBruto svars 25 kg<br \/>\nNeto svars 21 kg<br \/>\nT\u012bkla savienojums 3 f\u0101zes<br \/>\nES efektivit\u0101te 98.0 %<br \/>\nProducer product name SUN2000-6KTL-M1<br \/>\nProducer product family Hybrid High Current Inverter<br \/>\nMax DC input power 9000W<br \/>\nMPPT skaits 2<br \/>\nMaks. Efektivit\u0101te 98.6 % <\/p>\n","protected":false},"excerpt":{"rendered":"<p>Tehnisk\u0101s deta\u013cas Bruto svars 25 kg Neto svars 21 kg T\u012bkla savienojums 3 f\u0101zes ES efektivit\u0101te 98.0 % Producer product name SUN2000-6KTL-M1 Producer product family Hybrid High Current Inverter Max DC input power 9000W MPPT skaits 2 Maks. Efektivit\u0101te 98.6 %<\/p>\n","protected":false},"featured_media":5836,"comment_status":"open","ping_status":"closed","template":"","meta":{"site-sidebar-layout":"default","site-content-layout":"default","ast-global-header-display":"","ast-main-header-display":"","ast-hfb-above-header-display":"","ast-hfb-below-header-display":"","ast-hfb-mobile-header-display":"","site-post-title":"","ast-breadcrumbs-content":"","ast-featured-img":"","footer-sml-layout":"","theme-transparent-header-meta":"default","adv-header-id-meta":"","stick-header-meta":"","header-above-stick-meta":"","header-main-stick-meta":"","header-below-stick-meta":""},"product_cat":[27],"product_tag":[],"jetpack_sharing_enabled":true,"_links":{"self":[{"href":"https:\/\/solarnet.lv\/index.php?rest_route=\/wp\/v2\/product\/5883"}],"collection":[{"href":"https:\/\/solarnet.lv\/index.php?rest_route=\/wp\/v2\/product"}],"about":[{"href":"https:\/\/solarnet.lv\/index.php?rest_route=\/wp\/v2\/types\/product"}],"replies":[{"embeddable":true,"href":"https:\/\/solarnet.lv\/index.php?rest_route=%2Fwp%2Fv2%2Fcomments&post=5883"}],"wp:featuredmedia":[{"embeddable":true,"href":"https:\/\/solarnet.lv\/index.php?rest_route=\/wp\/v2\/media\/5836"}],"wp:attachment":[{"href":"https:\/\/solarnet.lv\/index.php?rest_route=%2Fwp%2Fv2%2Fmedia&parent=5883"}],"wp:term":[{"taxonomy":"product_cat","embeddable":true,"href":"https:\/\/solarnet.lv\/index.php?rest_route=%2Fwp%2Fv2%2Fproduct_cat&post=5883"},{"taxonomy":"product_tag","embeddable":true,"href":"https:\/\/solarnet.lv\/index.php?rest_route=%2Fwp%2Fv2%2Fproduct_tag&post=5883"}],"curies":[{"name":"wp","href":"https:\/\/api.w.org\/{rel}","templated":true}]}}